e 4*f - 953 = 27. Calculate the highest common factor of f and 35.
35
Let m(d) = 2*d + 24. Let f be m(0). What is the greatest common factor of f and 16?
8
Let s(u) = -7*u - 5. Let d be s(-7). Calculate the greatest common divisor of d and 11.
11
Let n be (1 - (-5)/(-15))*9. What is the greatest common factor of 54 and n?
6
Let x = 21 - 13. Suppose -3*l - x + 2 = n, 3*n + 2*l = 10. Let t be 88/14 + n/(-21). Calculate the highest common factor of 30 and t.
6
Suppose -4*w + 8 = -3*w. What is the highest common factor of 1 and w?
1
Let r = 2 + 11. Suppose 2 = -3*w - 4. Let b(k) = -15*k**3 - 2*k**2 - 3*k - 1. Let n be b(w). Calculate the highest common divisor of n and r.
13
Suppose i - 3*j = 45, 5*i - 243 = -5*j + 2*j. What is the greatest common divisor of 8 and i?
8
Let u = 39 + 11. Suppose 30 + u = 5*l. What is the greatest common divisor of l and 2?
2
Suppose j - 4*p - 22 = 0, 7*p - 32 = -2*j + 3*p. Let k = j - 9. What is the greatest common factor of k and 72?
9
Let n be ((-1 - -1) + 0)*-1. Let v(b) = -b**2 - b + 30. Let l be v(n). Suppose -2*o - 3*o = -l. What is the greatest common divisor of 15 and o?
3
Let x be (-1 + 2)/((-2)/(-8)). Suppose 213 + 3 = x*s. Calculate the highest common divisor of s and 36.
18
Let b(r) = -r**3. Let z be b(1). Let x(q) = -3*q**3 + q**2 - 1. Let p be x(z). What is the highest common factor of 9 and p?
3
Let p be (3 + -5)/(6/(-15)). Let o(l) = l**3 - 5*l**2 + 3*l - 3. Let q be o(p). Calculate the highest common factor of 48 and q.
12
Let o be (0 - (-47)/2) + 7/14. Calculate the highest common divisor of 12 and o.
12
Let h(s) = -s**2 + s + 6. Let i be h(5). Let g be (-4)/i - 817/(-7). Calculate the highest common factor of g and 13.
13
Let q be (-1)/5*-5*4. What is the highest common factor of q and 8?
4
Let t = -104 - -149. Calculate the greatest common divisor of t and 15.
15
Let h(v) = 4*v - 12. Let o be h(5). Let l be (0 - -1*23) + 1. What is the highest common divisor of l and o?
8
Let x = 2 - 2. Suppose -2*c + x*c = 0. Let z be (-42)/(-3) - (c - -2). Calculate the greatest common factor of 96 and z.
12
Suppose 0 = -h + 3*l - 5*l - 1, -h + 5*l = -34. Let w = -78 - -123. Calculate the highest common factor of w and h.
9
Suppose 0 = s - 4 - 16. What is the highest common divisor of s and 16?
4
Let y be 74*(36/8 - 2). What is the highest common factor of 37 and y?
37
Let b = -5 + 11. Let l be 47/4 + -2 - (-6)/(-8). What is the highest common divisor of b and l?
3
Let x be (3/6)/((-3)/(-6)). What is the greatest common divisor of 11 and x?
1
Suppose 3*d + 2*t - 8 = -0*d, 0 = 5*d - 3*t - 7. Calculate the greatest common factor of d and 18.
2
Let c be (-7)/((-70)/64) + (-6)/15. What is the greatest common divisor of 96 and c?
6
Let d be ((-2)/6)/(3/(-135)). Suppose 5*s - 164 = 61. What is the greatest common divisor of d and s?
15
Let m = 80 - 38. Let b = -29 + m. Suppose -548 + 189 = -4*k - 5*y, 4*y = -4. Calculate the greatest common factor of b and k.
13
Let c(f) = 2*f**2 + 4 + 1 + 3 - 4 - 7*f. Let n be c(4). Calculate the greatest common divisor of n and 32.
8
Suppose -112 = 2*m - 328. Suppose 3*q = q + m. What is the greatest common divisor of 18 and q?
18
Let s = -18 + 44. Calculate the highest common factor of s and 13.
13
Suppose -d - 1 = -5*l - 2, 0 = 5*d + 5*l - 5. Let k(g) = 32*g**2 - g + 1. Let y be k(d). Calculate the greatest common divisor of 48 and y.
16
Suppose 5*i + 390 = q, 8*q + 3*i + 1950 = 13*q. What is the greatest common factor of 30 and q?
30
Let a be 1/(-3) + 388/12. Calculate the greatest common divisor of 256 and a.
32
Let o be 136*(0 + 2/4). Let b = 26 - -10. Let s = b - 19. Calculate the greatest common factor of s and o.
17
Suppose 3 = -3*p + 93. Calculate the greatest common divisor of p and 20.
10
Let d be (2 - (-978)/3)/(-1). Let w = -175 - d. Calculate the greatest common divisor of w and 17.
17
Let x be (-3)/(-12) - (-418)/(-8). Let u = -260 + 367. Let g = x + u. What is the greatest common factor of 11 and g?
11
Let w(z) = -z**2 - 3*z + 19. Let j be w(3). Calculate the highest common divisor of 5 and j.
1
Let g(p) = -5*p + 2. Let s be g(-2). Let a = 168 + -120. What is the highest common factor of a and s?
12
Let x(c) = 15*c + 1 - 4 - 21*c + 3*c**2. Let t be x(4). What is the highest common factor of t and 7?
7
Let m(r) = 0 + 1 - 4 - r**2 + 6*r. Suppose -12 = 4*y - 7*y. Let u be m(y). Calculate the greatest common divisor of u and 45.
5
Let x(c) be the first derivative of -6*c + 2 + 43/2*c**2. Let y be x(5). Calculate the greatest common factor of y and 19.
19
Suppose 3*u - 35 = -8. What is the greatest common factor of u and 9?
9
Let z(o) = -4*o + 5. Let y(i) = -i**2 + i - 1. Let u(j) = -y(j) + z(j). Let g be u(5). What is the greatest common divisor of 24 and g?
6
Let o be 52/14 - (-4)/14. Let h(a) = 2*a. Let u be h(o). Let y be u/20 - (-763)/5. Calculate the highest common factor of y and 17.
17
Suppose 2*c - 5*c - 72 = 0. Let f = -14 - c. What is the highest common divisor of f and 40?
10
Suppose 2*l = -3*o + 36, -3*l - o + 3*o + 54 = 0. What is the greatest common divisor of 18 and l?
18
Suppose 0 = -25*t + 27*t - 96. What is the highest common divisor of t and 12?
12
Suppose 5*l = 4*t + 82, 12 = -3*l - t + 51. Let x = 36 - l. Calculate the greatest common divisor of 33 and x.
11
Suppose -2*x - 4*n + 26 = -4*x, -n = x + 19. Let f = -11 - x. Let d = -17 - -29. Calculate the highest common factor of d and f.
6
Suppose -10*p = -9*p - 2*f - 162, -147 = -p + 5*f. Calculate the highest common factor of 43 and p.
43
Suppose 12 = 4*a - a + n, -3*a + 2*n = -21. Let p = 10 + 10. Suppose 0*d = -4*d + p. What is the highest common factor of d and a?
5
Let w be (108/(-30))/((-12)/80). Let u = 22 - 10. Calculate the greatest common divisor of u and w.
12
Let y be 1*13 + 0 + -1. Let d(m) = -2 - 4*m + 11*m + 10*m - 4*m. Let w be d(2). Calculate the highest common factor of w and y.
12
Suppose -3*t - 4*q - 78 = q, 4*t + 5*q = -104. Let o be t/4*(-4)/2. What is the greatest common factor of o and 91?
13
Suppose -3 - 3 = 2*l. Let n(q) = -q**2 + 6*q - 6. Let i be n(6). Let g be (-266)/l - i/(-9). What is the highest common factor of g and 11?
11
Suppose -3*o + 4*o + 16 = 2*s, -22 = -4*s - 3*o. Let x = -8 + 23. Let n = x - -13. What is the greatest common divisor of s and n?
7
Suppose 2*b - 370 = -3*b - 5*d, 0 = -d + 2. Suppose t - b = -3*t. Calculate the highest common divisor of t and 45.
9
Suppose -h - 11 = -s, s + 3*h + 2 + 7 = 0. Calculate the greatest common factor of 4 and s.
2
Let h(a) = -a + 8. Suppose z = 3*z - 12. Let j be h(z). Calculate the highest common divisor of 8 and j.
2
Let q(y) = 7*y**2. Let f be q(-2). Let c(d) = d**2 - 26*d + 14. Let x be c(26). What is the highest common divisor of f and x?
14
Suppose -s = -6*s - 15. Let i = 5 - s. What is the greatest common divisor of i and 8?
8
Let q(x) be the second derivative of x**4/3 + x**3/3 - 2*x**2 - x. Let i be q(4). Calculate the highest common divisor of i and 17.
17
Let u(t) = -t**2 + 21*t - 8. Let y be u(7). Suppose -4*n + 72 = -d, 4*d = -3*n + 2*d + 54. What is the greatest common divisor of y and n?
18
Suppose 4*t + k + 3*k - 32 = 0, 4*t - 36 = -5*k. Suppose 0 = t*j + c - 17 + 3, -5*j + 14 = 3*c. What is the greatest common divisor of j and 28?
4
Let i(a) be the second derivative of a**3/3 - 2*a**2 - a. Let v be i(4). Suppose -3*f + v*f = 12. Calculate the greatest common factor of f and 48.
12
Suppose -170 = -x + 4*s, 5 - 20 = 3*s. Calculate the greatest common divisor of x and 60.
30
Suppose 2*s = -p + 111, -3*p - s + 600 = 2*p. What is the greatest common divisor of p and 11?
11
Suppose -5*p - 40 = 3*g - 296, -g - 248 = -5*p. Let y = -3 - -13. What is the highest common divisor of p and y?
10
Let m = -3 - -3. Let b(h) = 0*h + 7*h + 6*h + m*h + 3. Let i be b(4). Calculate the highest common divisor of 5 and i.
5
Let y be 1/(-6) + 2320/96. Let l = y - 19. What is the highest common divisor of l and 20?
5
Let c = -33 - -504. Suppose c = -5*r + 1446. Suppose -x = 2*g - 30, -x - 4*x - g = -r. Calculate the highest common factor of 20 and x.
20
Let a = 7 - -18. Suppose 4*p + p = -a. Let m(c) = c**2 + 4*c + 5. Let w be m(p). What is the greatest common factor of 70 and w?
10
Suppose 5*i - 3*i = 20. Let y = -5 + i. Wh